4 + 15192. Let f = q - 2646. Is f prime?
False
Let t = 33 - 30. Let q be 0 + (5 + 1)/3. Suppose -3625 = -0*o - 4*o + t*b, 5*b + 1809 = q*o. Is o a composite number?
False
Let r be 34 + (-6 + 3)*1. Let z(o) = -78 + 16 + 36 - r*o + o**3 - 25*o**2 - 2*o**3. Is z(-24) prime?
False
Let z(q) = 154*q**2 - 28*q + 1. Let p(s) = -s**2 - 5*s - 3. Let n be p(0). Is z(n) composite?
False
Suppose 126 - 161 = -7*d. Suppose 4*o - 5*z = 5904, -d*o + 4463 = -2*o + 5*z. Is o prime?
True
Let v(i) = 176*i**2 - 35*i - 574. Is v(-39) composite?
False
Let d be 441/6*(1 - 451/3). Let m = d + 17197. Suppose 5*u = 5*r - 711 + 8491, 5*r = 4*u - m. Is u prime?
True
Is (-6 - (-5 + (-845202)/24))/((-14)/(-56)) composite?
False
Let u = 45 + -103. Let o = -36 - u. Is (-3)/((-9)/397) - o/(-33) prime?
False
Let p = 301768 + -198479. Is p prime?
True
Let h be (-14 - -9) + 170/5. Suppose 34*g - h*g - 18455 = 0. Is g prime?
True
Let x(v) = -15*v + 9. Let w = -61 + 65. Suppose w*t + 28 = 12. Is x(t) prime?
False
Let h = -10186 - -17815. Is h composite?
True
Let u be -2*(3 - (-27)/(-6)). Is (u/3)/4*5756 a composite number?
False
Let l(z) = 16606*z + 3227. Is l(5) composite?
False
Is (-11)/((-88)/(-64)) - (-1 - 19746) a prime number?
True
Let d = 74 + -38. Let k = d - 32. Suppose u + 2*a - 4*a = 329, u = -k*a + 353. Is u a prime number?
True
Let u = 295 - 286. Suppose 4111 - 33604 = -u*f. Is f a composite number?
True
Let n = -119 + 129. Let h = 2055 + -4422. Is n/35 - h/21 prime?
True
Let l = 20511 - -121300. Is l a composite number?
False
Suppose 0 = -5*v + u + 487, 5*u - 22 = -v + 91. Let l be 1204/v + (-4)/14. Is (246/l)/(3/12) a prime number?
False
Suppose 3*k = -5*b - 0*k - 1500, 5*k - 272 = b. Let v = 20 + b. Let u = v + 642. Is u a composite number?
True
Suppose 6939 = 4*j - 0*j + 5*v, 3*j + 2*v - 5206 = 0. Let l = j - -5. Is l prime?
True
Let n be (-2)/(-3) + (472/12 - 3). Let v = n + -37. Suppose 6*p - 3757 - 4157 = v. Is p a composite number?
False
Let j(h) = 74*h**2 - 2*h + 31. Suppose 7*y - 143 = -17. Is j(y) composite?
False
Let l(r) = 121*r**3 + 2*r**2. Let k be l(3). Let f(u) = u**2 + 32*u - 142. Let a be f(4). Is k/18 - a/(-4) prime?
False
Let f be (10168 - -10) + 1*-1. Let j = f + -3336. Is j a composite number?
False
Let q(t) = t**3 - 44*t**2 + 117*t - 463. Is q(44) prime?
False
Let s = 440 + -321. Is (16/14)/((-34)/s) - -2939 a composite number?
True
Suppose 4*k = 4*o - 2946828, -12*o + 11*o + 4*k + 736719 = 0. Is o a prime number?
False
Let r(k) = -2*k**2 - 9*k + 46. Let z be r(-8). Is (-33195)/z*((-20)/(-15))/2 prime?
True
Let h(v) = 54*v - 48. Let c be h(-34). Let f = c - -4151. Is f composite?
False
Let o(x) be the second derivative of -3*x**5/20 - 5*x**4/12 + x**3/3 + 35*x**2/2 - 9*x - 1. Is o(-6) prime?
True
Let g = 536 + -349. Let y be (g/(-33))/(14/(-6) - -2). Suppose 4*k - y = 3*x + 362, -4*k = 4*x - 400. Is k composite?
False
Suppose 0 = -g + 4 - 1. Suppose g*l = 2904 + 7296. Suppose -h + 5*r + 290 = -420, 0 = 5*h + 5*r - l. Is h prime?
False
Let j(u) = 2*u**2 + 30*u + 3. Let t be j(-15). Let r(k) = 112*k - 1. Is r(t) a composite number?
True
Suppose 4*z - 445672 = 2*z + 3*v, 0 = v - 2. Is z a prime number?
True
Suppose -10*l + 18 = -4*l. Is (-1)/(l/(-99)*15/955) composite?
True
Let o be (-17)/(-5) + ((-32)/(-20))/(-4). Suppose 1821 = -2*x + 5*m + 11517, -o*x + 14539 = -5*m. Is x a prime number?
False
Suppose -2*t + 590498 = 201780. Suppose 21*m - t = 10*m. Is m prime?
True
Let k = -227 - -225. Is 1 + 14/k + -232 + 3357 prime?
True
Suppose 0 = -3*u + 4*k + 1708697, -552*u + 548*u = 3*k - 2278271. Is u a composite number?
True
Let z = 468 + -450. Is 0 - -4040 - (z + -15) prime?
False
Let d(j) be the third derivative of -3*j**6/10 + j**5/30 + j**4/6 - 5*j**3/6 + 43*j**2. Let g be d(2). Is g/(-4)*(2 - -2) prime?
True
Suppose -5*l - 120 = -3*j, -11*l + 9*l + 4*j - 48 = 0. Let a(o) = 2*o**3 + 50*o**2 + 7*o + 9. Is a(l) a prime number?
False
Suppose 0 = -4*w + 4, 4*x + 0*w + 2438 = 2*w. Let i = -362 - x. Is i composite?
True
Suppose -3*u = 3*s + 3, -2 = -u - 2*s - 8. Suppose 55 = 5*m + 5*p, p + 76 = u*m - 3*p. Suppose 157 = 2*v + m. Is v a composite number?
False
Let d(g) = -g + 1. Let n(f) = 422*f + 51. Let b(x) = 3*d(x) + n(x). Is b(11) composite?
False
Let w = 29 + 29. Let h = w + -58. Suppose h*v + y = -2*v + 5582, v = -4*y + 2805. Is v a composite number?
False
Suppose 2*t - 5*r = -24, -3*t - 5*r = 5 + 6. Let k(z) = -25 + 0*z + z - 9*z - 9*z. Is k(t) composite?
True
Let w = 28030 - 1271. Is w composite?
False
Suppose -81*k - 103*k = -73369264. Is k a composite number?
True
Suppose -y + 3*q + 15647 = 0, 5*q + 28147 = 2*y - 3141. Is y a composite number?
False
Let d = 59955 + -39495. Suppose -5*u = u - d. Suppose -5*o - 2047 = -3*b - o, -5*o - u = -5*b. Is b a prime number?
False
Let a be 7765*(1688/40 + 0). Suppose -26*n + 77319 + a = 0. Is n a composite number?
True
Let d(a) = -a**2 + 5*a + 3. Let f(s) = 2*s**2 - 10*s - 6. Let w(v) = -5*d(v) - 2*f(v). Let r be w(-3). Suppose -18*b = -r*b + 1905. Is b a prime number?
False
Let w(k) = 2087*k**2 - 140*k + 121. Is w(-26) a prime number?
True
Let x(o) = -4*o**3 - 12*o**2 - o - 4. Let w = -14 - -5. Is x(w) composite?
False
Suppose 128 = -6*g - 2*g. Let l = g + 42. Is (l - -1940)*1/2 composite?
False
Let l be (40 + -4)/(-6)*8/(-6). Suppose -l*s = -5*s - 81. Is 18/s + (-6571)/(-3) prime?
False
Let a(u) = -7*u**3 + 11*u**2 + 18*u - 7. Let r(q) = -q**2 + 7*q - 6. Let j be r(4). Suppose 7*f + 6 = j*f. Is a(f) composite?
True
Let a(o) = 6*o + 6. Let g be a(0). Let k(z) = 1255*z - 13. Is k(g) composite?
False
Suppose -3*f = -5*t - 114477, 5*t - 262925 + 72210 = -5*f. Is f a prime number?
True
Let y(w) = -115*w + 25. Suppose 3*f + 8 = 2*i, -5*i - 2*f = -i + 16. Let d(o) = o - 1. Let z(s) = i*d(s) - y(s). Is z(6) composite?
True
Suppose 502306 = 17*l - 1081567. Is l composite?
False
Suppose t - 11 = -4*m + 9, -3*t = 4*m - 20. Suppose m*u - h = 21831, -4*h = -2*u + 4348 + 4370. Is u a composite number?
True
Let a be 3*7/3*43. Let m = 318 + a. Is m a composite number?
False
Let d(z) = 3*z**2 - 6*z + 2. Let t be d(2). Suppose 0 = -5*k + 2*v + 21927, 6*v - t = 8*v. Is k a prime number?
False
Let b = -1147 - -1150. Suppose 5*r = 4*t - 13, -7 = -3*t + 3*r + 2. Suppose s = b*j - 10326, -2*j + 1655 = t*s - 5229. Is j a composite number?
True
Let c = 155796 - 20645. Is c a prime number?
True
Let f be (3126/8)/((-27)/(-1368)). Suppose -6*b - 1504 + f = 0. Is b prime?
True
Is (((-102)/8)/(-3))/((-5)/(-15940)) a composite number?
True
Suppose 0 = 44*q + 245565 - 938741. Suppose 4*o - 1802 = -4*d + q, -3*o + 13183 = -5*d. Is o a composite number?
False
Suppose -20 = -20*h + 15*h. Is h + -7 + 7108/2 a composite number?
True
Let t(m) = 104*m + 203 + 82*m - 416*m - 496*m. Is t(-6) prime?
False
Let i(y) = 5*y**2 - 21*y - 189. Is i(64) composite?
False
Suppose -26*a + 25*a = -4*f + 3139317, 4*f - 2*a = 3139310. Is f composite?
False
Let u be (4*1)/((-36)/37584). Suppose 2*j - 14808 = f, 3*j + 37017 = 8*j - f. Let v = u + j. Is v composite?
True
Let c be 5*(-18)/(-150) + 23/(-5). Is c*2/8 + 195 composite?
True
Suppose -80*q + 44571023 = 2250303. Is q a prime number?
False
Suppose 9 = 10*k - 41. Suppose 3*q = 0, -k*z + 7509 = -2*z - q. Is z composite?
False
Let n(d) = 226129*d**2 - 57*d + 57. Is n(1) composite?
False
Let g = -5 - -10. Suppose 3*q = 5*d + 14 + 6, 0 = g*d + 2*q - 5. Is -9*((-2892)/18 - d) composite?
True
Let k be (-1)/(-4)*(-2 - -2) + -21. Is 3/k*2 + 204060/84 prime?
False
Let l = -51 - -58. Let a(o) = -2*o + 33 - 2*o**3 + l*o**3 - 53. Is a(9) a prime number?
True
Let u(r) = -569*r + 4. Let c(y) = y + 15 + 14 - 31. Let k be c(1). Is u(k) composite?
True
Let l(u) = -5*u**3 - 15*u**2 - 245*u + 1. Is l(-10) composite?
True
Suppose 0 = -5*g - 5 - 5. Let l be (-1)/((-10)/7485)*g. Let t = l + 2868. Is t a prime number?
False
Let u = 6004 + -2285. Is u prime?
True
Let s(o) = -112*o**3 - 107*o**2 - 1212*o + 5. Is s(-14) a prime number?
False
Suppose 0 = 3*g + 3*x - 21, x - 2*x + 35 = 5*g. Suppose g*w - 2282 = 5*w - 4*v, -v + 5750 = 5*w. Is w a prime number?
True
Suppose 4*q + 41 = 2*g - 55, 2*q = 0. Let n(s) = 13*s**2 + 42*s + 51. Let o be n(-3). Let f = g - o. Is f a composite number?
True
Let k = -22 + 10. Let m be 4*(-3)/k +